{"id":4,"date":"2021-04-04T15:46:52","date_gmt":"2021-04-04T15:46:52","guid":{"rendered":"https:\/\/xn--prfstelle-varel-0vb.de\/?page_id=4"},"modified":"2022-02-02T20:57:22","modified_gmt":"2022-02-02T20:57:22","slug":"willkommen-auf-https-xn-prfstelle-varel-0vb-de","status":"publish","type":"page","link":"https:\/\/xn--prfstelle-varel-0vb.de\/","title":{"rendered":"Herzlich willkommen!"},"content":{"rendered":"\n<figure class=\"wp-block-image is-resized\"><img loading=\"lazy\" decoding=\"async\" src=\"https:\/\/gerdes24.de\/assets\/images\/IMG_2389_mini.JPG\" alt=\"Kfz-Pr\u00fcfstelle\" width=\"733\" height=\"549\" title=\"Kfz-Pr\u00fcfstelle\"\/><\/figure>\n\n\n\n<p><strong>Amtliche Dienstleistungen als GT\u00dc-Partner:<\/strong><\/p>\n\n\n\n<ul class=\"wp-block-list\"><li>Hauptuntersuchungen (HU) mit integrierter Abgasuntersuchung (UMA) gem. \u00a7 29 StVZO<\/li><li>Anbaupr\u00fcfungen\/\u00c4nderungsabnahmen gem. \u00a7 19(3) StVZO<\/li><li>Gaspr\u00fcfungen (GWP)<\/li><li>Oldtimer-Gutachten gem. \u00a7 23 StVZO (H-Kennzeichen)<\/li><li>BOKraft-Pr\u00fcfungen f\u00fcr Taxen<\/li><li>Feinstaubplaketten (Schadstoffplaketten)<\/li><\/ul>\n\n\n\n<p><strong>Nichtamtliche Dienstleistungen als SV-B\u00fcro:<\/strong><\/p>\n\n\n\n<ul class=\"wp-block-list\"><li>Pr\u00fcfung von Fl\u00fcssiggasanlagen in Wohnmobilen und Wohnwagen (G607)<\/li><li>Gebrauchtfahrzeug-Kurzcheck (kostenlos)<\/li><li>Gebrauchtfahrzeug-Bewertung<\/li><li>Technische Gutachten<\/li><li>\u00dcberpr\u00fcfung von Gutachten (\u201cGegengutachten\u201d)<\/li><li>Arbeitssicherheit (Betreuung gem. ASiG)<\/li><li>Seminare<\/li><li>&#8230;<\/li><\/ul>\n\n\n\n<p><\/p>\n","protected":false},"excerpt":{"rendered":"<p>Amtliche Dienstleistungen als GT\u00dc-Partner: Hauptuntersuchungen (HU) mit integrierter Abgasuntersuchung (UMA) gem. \u00a7 29 StVZO Anbaupr\u00fcfungen\/\u00c4nderungsabnahmen gem. \u00a7 19(3) StVZO Gaspr\u00fcfungen (GWP) Oldtimer-Gutachten gem. \u00a7 23 StVZO (H-Kennzeichen) BOKraft-Pr\u00fcfungen f\u00fcr Taxen Feinstaubplaketten (Schadstoffplaketten) Nichtamtliche Dienstleistungen als SV-B\u00fcro: Pr\u00fcfung von Fl\u00fcssiggasanlagen in Wohnmobilen und Wohnwagen (G607) Gebrauchtfahrzeug-Kurzcheck (kostenlos) Gebrauchtfahrzeug-Bewertung Technische Gutachten \u00dcberpr\u00fcfung von Gutachten (\u201cGegengutachten\u201d) Arbeitssicherheit (Betreuung [&hellip;]<\/p>\n","protected":false},"author":1,"featured_media":0,"parent":0,"menu_order":0,"comment_status":"closed","ping_status":"open","template":"","meta":{"footnotes":""},"class_list":["post-4","page","type-page","status-publish","hentry"],"yoast_head":"<!-- This site is optimized with the Yoast SEO plugin v26.8 - https:\/\/yoast.com\/product\/yoast-seo-wordpress\/ -->\n<title>Herzlich willkommen! - GT\u00dc Kfz-Pr\u00fcfstelle, Ing.-B\u00fcro Reelf Gerdes<\/title>\n<meta name=\"description\" content=\"Amtliche Dienstleistungen als GT\u00dc-Partner: Hauptuntersuchungen (HU) mit integrierter Abgasuntersuchung (UMA) gem. \u00a7 29 StVZO Anbaupr\u00fcfungen\/\u00c4nderungsabnahmen gem. \u00a7 19(3) StVZO Gaspr\u00fcfungen (GWP) Oldtimer-Gutachten gem. \u00a7 23 StVZO (H-Kennzeichen) BOKraft-Pr\u00fcfungen f\u00fcr Taxen Feinstaubplaketten (Schadstoffplaketten)Nichtamtliche Dienstleistungen als SV-B\u00fcro: Pr\u00fcfung von Fl\u00fcssiggasanlagen in Wohnmobilen und Wohnwagen (G607) Gebrauchtfahrzeug-Kurzcheck (kostenlos) Gebrauchtfahrzeug-Bewertung Technische Gutachten \u00dcberpr\u00fcfung von Gutachten (\u201cGegengutachten\u201d) Arbeitssicherheit (Betreuung gem. ASiG) Seminare \u2026\" \/>\n<meta name=\"robots\" content=\"index, follow, max-snippet:-1, max-image-preview:large, max-video-preview:-1\" \/>\n<link rel=\"canonical\" href=\"https:\/\/xn--prfstelle-varel-0vb.de\/\" \/>\n<meta property=\"og:locale\" content=\"de_DE\" \/>\n<meta property=\"og:type\" content=\"article\" \/>\n<meta property=\"og:title\" content=\"Herzlich willkommen! - GT\u00dc Kfz-Pr\u00fcfstelle, Ing.-B\u00fcro Reelf Gerdes\" \/>\n<meta property=\"og:description\" content=\"Amtliche Dienstleistungen als GT\u00dc-Partner: Hauptuntersuchungen (HU) mit integrierter Abgasuntersuchung (UMA) gem. \u00a7 29 StVZO Anbaupr\u00fcfungen\/\u00c4nderungsabnahmen gem. \u00a7 19(3) StVZO Gaspr\u00fcfungen (GWP) Oldtimer-Gutachten gem. \u00a7 23 StVZO (H-Kennzeichen) BOKraft-Pr\u00fcfungen f\u00fcr Taxen Feinstaubplaketten (Schadstoffplaketten)Nichtamtliche Dienstleistungen als SV-B\u00fcro: Pr\u00fcfung von Fl\u00fcssiggasanlagen in Wohnmobilen und Wohnwagen (G607) Gebrauchtfahrzeug-Kurzcheck (kostenlos) Gebrauchtfahrzeug-Bewertung Technische Gutachten \u00dcberpr\u00fcfung von Gutachten (\u201cGegengutachten\u201d) Arbeitssicherheit (Betreuung gem. ASiG) Seminare \u2026\" \/>\n<meta property=\"og:url\" content=\"https:\/\/xn--prfstelle-varel-0vb.de\/\" \/>\n<meta property=\"og:site_name\" content=\"GT\u00dc Kfz-Pr\u00fcfstelle, Ing.-B\u00fcro Reelf Gerdes\" \/>\n<meta property=\"article:modified_time\" content=\"2022-02-02T20:57:22+00:00\" \/>\n<meta property=\"og:image\" content=\"https:\/\/gerdes24.de\/assets\/images\/IMG_2389_mini.JPG\" \/>\n<meta name=\"twitter:card\" content=\"summary_large_image\" \/>\n<meta name=\"twitter:label1\" content=\"Gesch\u00e4tzte Lesezeit\" \/>\n\t<meta name=\"twitter:data1\" content=\"1\u00a0Minute\" \/>\n<script type=\"application\/ld+json\" class=\"yoast-schema-graph\">{\"@context\":\"https:\/\/schema.org\",\"@graph\":[{\"@type\":\"WebPage\",\"@id\":\"https:\/\/xn--prfstelle-varel-0vb.de\/\",\"url\":\"https:\/\/xn--prfstelle-varel-0vb.de\/\",\"name\":\"Herzlich willkommen! - GT\u00dc Kfz-Pr\u00fcfstelle, Ing.-B\u00fcro Reelf Gerdes\",\"isPartOf\":{\"@id\":\"https:\/\/xn--prfstelle-varel-0vb.de\/#website\"},\"primaryImageOfPage\":{\"@id\":\"https:\/\/xn--prfstelle-varel-0vb.de\/#primaryimage\"},\"image\":{\"@id\":\"https:\/\/xn--prfstelle-varel-0vb.de\/#primaryimage\"},\"thumbnailUrl\":\"https:\/\/gerdes24.de\/assets\/images\/IMG_2389_mini.JPG\",\"datePublished\":\"2021-04-04T15:46:52+00:00\",\"dateModified\":\"2022-02-02T20:57:22+00:00\",\"description\":\"Amtliche Dienstleistungen als GT\u00dc-Partner: Hauptuntersuchungen (HU) mit integrierter Abgasuntersuchung (UMA) gem. \u00a7 29 StVZO Anbaupr\u00fcfungen\/\u00c4nderungsabnahmen gem. \u00a7 19(3) StVZO Gaspr\u00fcfungen (GWP) Oldtimer-Gutachten gem. \u00a7 23 StVZO (H-Kennzeichen) BOKraft-Pr\u00fcfungen f\u00fcr Taxen Feinstaubplaketten (Schadstoffplaketten)Nichtamtliche Dienstleistungen als SV-B\u00fcro: Pr\u00fcfung von Fl\u00fcssiggasanlagen in Wohnmobilen und Wohnwagen (G607) Gebrauchtfahrzeug-Kurzcheck (kostenlos) Gebrauchtfahrzeug-Bewertung Technische Gutachten \u00dcberpr\u00fcfung von Gutachten (\u201cGegengutachten\u201d) Arbeitssicherheit (Betreuung gem. ASiG) Seminare \u2026\",\"breadcrumb\":{\"@id\":\"https:\/\/xn--prfstelle-varel-0vb.de\/#breadcrumb\"},\"inLanguage\":\"de\",\"potentialAction\":[{\"@type\":\"ReadAction\",\"target\":[\"https:\/\/xn--prfstelle-varel-0vb.de\/\"]}]},{\"@type\":\"ImageObject\",\"inLanguage\":\"de\",\"@id\":\"https:\/\/xn--prfstelle-varel-0vb.de\/#primaryimage\",\"url\":\"https:\/\/gerdes24.de\/assets\/images\/IMG_2389_mini.JPG\",\"contentUrl\":\"https:\/\/gerdes24.de\/assets\/images\/IMG_2389_mini.JPG\"},{\"@type\":\"BreadcrumbList\",\"@id\":\"https:\/\/xn--prfstelle-varel-0vb.de\/#breadcrumb\",\"itemListElement\":[{\"@type\":\"ListItem\",\"position\":1,\"name\":\"Startseite\",\"item\":\"https:\/\/xn--prfstelle-varel-0vb.de\/\"},{\"@type\":\"ListItem\",\"position\":2,\"name\":\"Herzlich willkommen!\"}]},{\"@type\":\"WebSite\",\"@id\":\"https:\/\/xn--prfstelle-varel-0vb.de\/#website\",\"url\":\"https:\/\/xn--prfstelle-varel-0vb.de\/\",\"name\":\"GT\u00dc Kfz-Pr\u00fcfstelle, Ing.-B\u00fcro Reelf Gerdes\",\"description\":\"EINFACH und SICHER zur neuen Plakette!\",\"publisher\":{\"@id\":\"https:\/\/xn--prfstelle-varel-0vb.de\/#organization\"},\"potentialAction\":[{\"@type\":\"SearchAction\",\"target\":{\"@type\":\"EntryPoint\",\"urlTemplate\":\"https:\/\/xn--prfstelle-varel-0vb.de\/?s={search_term_string}\"},\"query-input\":{\"@type\":\"PropertyValueSpecification\",\"valueRequired\":true,\"valueName\":\"search_term_string\"}}],\"inLanguage\":\"de\"},{\"@type\":\"Organization\",\"@id\":\"https:\/\/xn--prfstelle-varel-0vb.de\/#organization\",\"name\":\"GT\u00dc Kfz-Pr\u00fcfstelle\",\"url\":\"https:\/\/xn--prfstelle-varel-0vb.de\/\",\"logo\":{\"@type\":\"ImageObject\",\"inLanguage\":\"de\",\"@id\":\"https:\/\/xn--prfstelle-varel-0vb.de\/#\/schema\/logo\/image\/\",\"url\":\"https:\/\/xn--prfstelle-varel-0vb.de\/wp-content\/uploads\/2021\/04\/cropped-cropped-cropped-IMG_20160307_150246-scaled-2-1-e1617613682540.jpg\",\"contentUrl\":\"https:\/\/xn--prfstelle-varel-0vb.de\/wp-content\/uploads\/2021\/04\/cropped-cropped-cropped-IMG_20160307_150246-scaled-2-1-e1617613682540.jpg\",\"width\":1500,\"height\":595,\"caption\":\"GT\u00dc Kfz-Pr\u00fcfstelle\"},\"image\":{\"@id\":\"https:\/\/xn--prfstelle-varel-0vb.de\/#\/schema\/logo\/image\/\"}}]}<\/script>\n<!-- \/ Yoast SEO plugin. -->","yoast_head_json":{"title":"Herzlich willkommen! - GT\u00dc Kfz-Pr\u00fcfstelle, Ing.-B\u00fcro Reelf Gerdes","description":"Amtliche Dienstleistungen als GT\u00dc-Partner: Hauptuntersuchungen (HU) mit integrierter Abgasuntersuchung (UMA) gem. \u00a7 29 StVZO Anbaupr\u00fcfungen\/\u00c4nderungsabnahmen gem. \u00a7 19(3) StVZO Gaspr\u00fcfungen (GWP) Oldtimer-Gutachten gem. \u00a7 23 StVZO (H-Kennzeichen) BOKraft-Pr\u00fcfungen f\u00fcr Taxen Feinstaubplaketten (Schadstoffplaketten)Nichtamtliche Dienstleistungen als SV-B\u00fcro: Pr\u00fcfung von Fl\u00fcssiggasanlagen in Wohnmobilen und Wohnwagen (G607) Gebrauchtfahrzeug-Kurzcheck (kostenlos) Gebrauchtfahrzeug-Bewertung Technische Gutachten \u00dcberpr\u00fcfung von Gutachten (\u201cGegengutachten\u201d) Arbeitssicherheit (Betreuung gem. ASiG) Seminare \u2026","robots":{"index":"index","follow":"follow","max-snippet":"max-snippet:-1","max-image-preview":"max-image-preview:large","max-video-preview":"max-video-preview:-1"},"canonical":"https:\/\/xn--prfstelle-varel-0vb.de\/","og_locale":"de_DE","og_type":"article","og_title":"Herzlich willkommen! - GT\u00dc Kfz-Pr\u00fcfstelle, Ing.-B\u00fcro Reelf Gerdes","og_description":"Amtliche Dienstleistungen als GT\u00dc-Partner: Hauptuntersuchungen (HU) mit integrierter Abgasuntersuchung (UMA) gem. \u00a7 29 StVZO Anbaupr\u00fcfungen\/\u00c4nderungsabnahmen gem. \u00a7 19(3) StVZO Gaspr\u00fcfungen (GWP) Oldtimer-Gutachten gem. \u00a7 23 StVZO (H-Kennzeichen) BOKraft-Pr\u00fcfungen f\u00fcr Taxen Feinstaubplaketten (Schadstoffplaketten)Nichtamtliche Dienstleistungen als SV-B\u00fcro: Pr\u00fcfung von Fl\u00fcssiggasanlagen in Wohnmobilen und Wohnwagen (G607) Gebrauchtfahrzeug-Kurzcheck (kostenlos) Gebrauchtfahrzeug-Bewertung Technische Gutachten \u00dcberpr\u00fcfung von Gutachten (\u201cGegengutachten\u201d) Arbeitssicherheit (Betreuung gem. ASiG) Seminare \u2026","og_url":"https:\/\/xn--prfstelle-varel-0vb.de\/","og_site_name":"GT\u00dc Kfz-Pr\u00fcfstelle, Ing.-B\u00fcro Reelf Gerdes","article_modified_time":"2022-02-02T20:57:22+00:00","og_image":[{"url":"https:\/\/gerdes24.de\/assets\/images\/IMG_2389_mini.JPG","type":"","width":"","height":""}],"twitter_card":"summary_large_image","twitter_misc":{"Gesch\u00e4tzte Lesezeit":"1\u00a0Minute"},"schema":{"@context":"https:\/\/schema.org","@graph":[{"@type":"WebPage","@id":"https:\/\/xn--prfstelle-varel-0vb.de\/","url":"https:\/\/xn--prfstelle-varel-0vb.de\/","name":"Herzlich willkommen! - GT\u00dc Kfz-Pr\u00fcfstelle, Ing.-B\u00fcro Reelf Gerdes","isPartOf":{"@id":"https:\/\/xn--prfstelle-varel-0vb.de\/#website"},"primaryImageOfPage":{"@id":"https:\/\/xn--prfstelle-varel-0vb.de\/#primaryimage"},"image":{"@id":"https:\/\/xn--prfstelle-varel-0vb.de\/#primaryimage"},"thumbnailUrl":"https:\/\/gerdes24.de\/assets\/images\/IMG_2389_mini.JPG","datePublished":"2021-04-04T15:46:52+00:00","dateModified":"2022-02-02T20:57:22+00:00","description":"Amtliche Dienstleistungen als GT\u00dc-Partner: Hauptuntersuchungen (HU) mit integrierter Abgasuntersuchung (UMA) gem. \u00a7 29 StVZO Anbaupr\u00fcfungen\/\u00c4nderungsabnahmen gem. \u00a7 19(3) StVZO Gaspr\u00fcfungen (GWP) Oldtimer-Gutachten gem. \u00a7 23 StVZO (H-Kennzeichen) BOKraft-Pr\u00fcfungen f\u00fcr Taxen Feinstaubplaketten (Schadstoffplaketten)Nichtamtliche Dienstleistungen als SV-B\u00fcro: Pr\u00fcfung von Fl\u00fcssiggasanlagen in Wohnmobilen und Wohnwagen (G607) Gebrauchtfahrzeug-Kurzcheck (kostenlos) Gebrauchtfahrzeug-Bewertung Technische Gutachten \u00dcberpr\u00fcfung von Gutachten (\u201cGegengutachten\u201d) Arbeitssicherheit (Betreuung gem. ASiG) Seminare \u2026","breadcrumb":{"@id":"https:\/\/xn--prfstelle-varel-0vb.de\/#breadcrumb"},"inLanguage":"de","potentialAction":[{"@type":"ReadAction","target":["https:\/\/xn--prfstelle-varel-0vb.de\/"]}]},{"@type":"ImageObject","inLanguage":"de","@id":"https:\/\/xn--prfstelle-varel-0vb.de\/#primaryimage","url":"https:\/\/gerdes24.de\/assets\/images\/IMG_2389_mini.JPG","contentUrl":"https:\/\/gerdes24.de\/assets\/images\/IMG_2389_mini.JPG"},{"@type":"BreadcrumbList","@id":"https:\/\/xn--prfstelle-varel-0vb.de\/#breadcrumb","itemListElement":[{"@type":"ListItem","position":1,"name":"Startseite","item":"https:\/\/xn--prfstelle-varel-0vb.de\/"},{"@type":"ListItem","position":2,"name":"Herzlich willkommen!"}]},{"@type":"WebSite","@id":"https:\/\/xn--prfstelle-varel-0vb.de\/#website","url":"https:\/\/xn--prfstelle-varel-0vb.de\/","name":"GT\u00dc Kfz-Pr\u00fcfstelle, Ing.-B\u00fcro Reelf Gerdes","description":"EINFACH und SICHER zur neuen Plakette!","publisher":{"@id":"https:\/\/xn--prfstelle-varel-0vb.de\/#organization"},"potentialAction":[{"@type":"SearchAction","target":{"@type":"EntryPoint","urlTemplate":"https:\/\/xn--prfstelle-varel-0vb.de\/?s={search_term_string}"},"query-input":{"@type":"PropertyValueSpecification","valueRequired":true,"valueName":"search_term_string"}}],"inLanguage":"de"},{"@type":"Organization","@id":"https:\/\/xn--prfstelle-varel-0vb.de\/#organization","name":"GT\u00dc Kfz-Pr\u00fcfstelle","url":"https:\/\/xn--prfstelle-varel-0vb.de\/","logo":{"@type":"ImageObject","inLanguage":"de","@id":"https:\/\/xn--prfstelle-varel-0vb.de\/#\/schema\/logo\/image\/","url":"https:\/\/xn--prfstelle-varel-0vb.de\/wp-content\/uploads\/2021\/04\/cropped-cropped-cropped-IMG_20160307_150246-scaled-2-1-e1617613682540.jpg","contentUrl":"https:\/\/xn--prfstelle-varel-0vb.de\/wp-content\/uploads\/2021\/04\/cropped-cropped-cropped-IMG_20160307_150246-scaled-2-1-e1617613682540.jpg","width":1500,"height":595,"caption":"GT\u00dc Kfz-Pr\u00fcfstelle"},"image":{"@id":"https:\/\/xn--prfstelle-varel-0vb.de\/#\/schema\/logo\/image\/"}}]}},"_links":{"self":[{"href":"https:\/\/xn--prfstelle-varel-0vb.de\/index.php?rest_route=\/wp\/v2\/pages\/4","targetHints":{"allow":["GET"]}}],"collection":[{"href":"https:\/\/xn--prfstelle-varel-0vb.de\/index.php?rest_route=\/wp\/v2\/pages"}],"about":[{"href":"https:\/\/xn--prfstelle-varel-0vb.de\/index.php?rest_route=\/wp\/v2\/types\/page"}],"author":[{"embeddable":true,"href":"https:\/\/xn--prfstelle-varel-0vb.de\/index.php?rest_route=\/wp\/v2\/users\/1"}],"replies":[{"embeddable":true,"href":"https:\/\/xn--prfstelle-varel-0vb.de\/index.php?rest_route=%2Fwp%2Fv2%2Fcomments&post=4"}],"version-history":[{"count":6,"href":"https:\/\/xn--prfstelle-varel-0vb.de\/index.php?rest_route=\/wp\/v2\/pages\/4\/revisions"}],"predecessor-version":[{"id":236,"href":"https:\/\/xn--prfstelle-varel-0vb.de\/index.php?rest_route=\/wp\/v2\/pages\/4\/revisions\/236"}],"wp:attachment":[{"href":"https:\/\/xn--prfstelle-varel-0vb.de\/index.php?rest_route=%2Fwp%2Fv2%2Fmedia&parent=4"}],"curies":[{"name":"wp","href":"https:\/\/api.w.org\/{rel}","templated":true}]}}