{"id":130,"date":"2021-04-05T13:51:00","date_gmt":"2021-04-05T13:51:00","guid":{"rendered":"https:\/\/xn--prfstelle-varel-0vb.de\/?page_id=130"},"modified":"2024-12-23T14:34:52","modified_gmt":"2024-12-23T14:34:52","slug":"vermietung","status":"publish","type":"page","link":"https:\/\/xn--prfstelle-varel-0vb.de\/?page_id=130","title":{"rendered":"Vermietung"},"content":{"rendered":"\n<p><strong>Seminarraum in Varel zu vermieten!<\/strong><\/p>\n\n\n\n<p>In unserem ger\u00e4umigen B\u00fcrogeb\u00e4ude (Baujahr 2002) befindet sich ein Seminarraum, den wir &#8211; sofern wir ihn nicht f\u00fcr unsere eigenen Veranstaltungen ben\u00f6tigen &#8211; gerne stunden- und tageweise auch an Sie vermieten.<br>Die Preise erfragen Sie bitte telefonisch (0171\/9232600).<\/p>\n\n\n\n<div class=\"wp-block-columns is-layout-flex wp-container-core-columns-is-layout-6 wp-block-columns-is-layout-flex\">\n<div class=\"wp-block-column is-vertically-aligned-center is-layout-flow wp-block-column-is-layout-flow\" style=\"flex-basis:100%\">\n<div class=\"wp-block-columns is-layout-flex wp-container-core-columns-is-layout-5 wp-block-columns-is-layout-flex\">\n<div class=\"wp-block-column is-layout-flow wp-block-column-is-layout-flow\" style=\"flex-basis:100%\">\n<div class=\"wp-block-columns alignfull are-vertically-aligned-top is-layout-flex wp-container-core-columns-is-layout-3 wp-block-columns-is-layout-flex\">\n<div class=\"wp-block-column is-vertically-aligned-top is-layout-flow wp-block-column-is-layout-flow\" style=\"flex-basis:100%\">\n<div class=\"wp-block-columns is-layout-flex wp-container-core-columns-is-layout-2 wp-block-columns-is-layout-flex\">\n<div class=\"wp-block-column is-layout-flow wp-block-column-is-layout-flow\" style=\"flex-basis:100%\">\n<div class=\"wp-block-columns is-layout-flex wp-container-core-columns-is-layout-1 wp-block-columns-is-layout-flex\">\n<div class=\"wp-block-column is-layout-flow wp-block-column-is-layout-flow\">\n<figure class=\"wp-block-image\"><img decoding=\"async\" src=\"https:\/\/gerdes24.de\/assets\/images\/CIMG0021kl.jpg\" alt=\"B\u00fcrogeb\u00e4ude\" title=\"B\u00fcrogeb\u00e4ude\"\/><\/figure>\n<\/div>\n\n\n\n<div class=\"wp-block-column is-layout-flow wp-block-column-is-layout-flow\">\n<figure class=\"wp-block-image\"><img decoding=\"async\" src=\"https:\/\/gerdes24.de\/assets\/images\/CIMG0018kl.JPG\" alt=\"Seminarraum-Fenster\" title=\"Seminarraum-Fenster\"\/><\/figure>\n<\/div>\n\n\n\n<div class=\"wp-block-column is-layout-flow wp-block-column-is-layout-flow\">\n<figure class=\"wp-block-image\"><img decoding=\"async\" src=\"https:\/\/gerdes24.de\/assets\/images\/113_1306.JPG\" alt=\"Seminarraum\" title=\"Seminarraum\"\/><\/figure>\n<\/div>\n<\/div>\n<\/div>\n<\/div>\n\n\n\n<p><\/p>\n<\/div>\n<\/div>\n\n\n\n<div class=\"wp-block-columns is-layout-flex wp-container-core-columns-is-layout-4 wp-block-columns-is-layout-flex\">\n<div class=\"wp-block-column is-layout-flow wp-block-column-is-layout-flow\">\n<figure class=\"wp-block-image\"><img decoding=\"async\" src=\"https:\/\/gerdes24.de\/CIMG0078k.JPG\" alt=\"https:\/\/gerdes24.de\/CIMG0078k.JPG\"\/><\/figure>\n<\/div>\n\n\n\n<div class=\"wp-block-column is-layout-flow wp-block-column-is-layout-flow\">\n<figure class=\"wp-block-image\"><img decoding=\"async\" src=\"https:\/\/gerdes24.de\/CIMG0080k.jpg\" alt=\"https:\/\/gerdes24.de\/CIMG0080k.jpg\"\/><\/figure>\n<\/div>\n\n\n\n<div class=\"wp-block-column is-layout-flow wp-block-column-is-layout-flow\">\n<figure class=\"wp-block-image\"><img decoding=\"async\" src=\"https:\/\/gerdes24.de\/CIMG0082k.jpg\" alt=\"https:\/\/gerdes24.de\/CIMG0082k.jpg\"\/><\/figure>\n<\/div>\n<\/div>\n<\/div>\n<\/div>\n<\/div>\n<\/div>\n\n\n\n<p><span style=\"text-decoration: underline\" class=\"underline\">Gr\u00f6\u00dfe:<\/span><br>ca. 58 qm (5,50 x 10,50 m), Deckenh\u00f6he ca. 2,63 m<br>geeignet f\u00fcr Veranstaltungen mit bis zu 30 Teilnehmern<br>&#8211; U-Form: 18 Pl\u00e4tze<br>&#8211; Parlamentarisch: 24 Pl\u00e4tze<br>&#8211; Stuhlreihen: 30 Pl\u00e4tze<\/p>\n\n\n\n<p><span style=\"text-decoration: underline\" class=\"underline\">Lage:<\/span><br>Der Raum befindet sich im Untergeschoss des Geb\u00e4udes, ist aber durch die 4 gro\u00dfen Fenster (je rd. 1,8 qm) und die au\u00dfen angelegte B\u00f6schung sehr gut belichtet und bel\u00fcftbar. Eine Abdunklung ist jeweils mittels Vertikallamellen m\u00f6glich.<br>Der Raum ist sowohl \u00fcber den Flur im EG, als auch direkt von au\u00dfen zug\u00e4nglich (separater Zugang \u00fcber eine breite Betontreppe mit beidseitigem Handlauf).<\/p>\n\n\n\n<p><span style=\"text-decoration: underline\" class=\"underline\">Fu\u00dfboden:<\/span><br>OSB-Platten (ge\u00f6lt) auf elastischer Holzunterkonstruktion<br>(\u00e4hnlich einem fl\u00e4chenelastischen Sportboden)<\/p>\n\n\n\n<p><span style=\"text-decoration: underline\" class=\"underline\">W\u00e4nde:<\/span><br>Rollputz, wei\u00df gestrichen<\/p>\n\n\n\n<p><span style=\"text-decoration: underline\" class=\"underline\">T\u00fcren:<\/span><br>2 breite Eingangst\u00fcren (1,01 m), nach au\u00dfen \u00f6ffnend<\/p>\n\n\n\n<p>Beleuchtung:<br>8 Bildschirmrasterleuchten, 2-flammig 35W, einzeln schaltbar<\/p>\n\n\n\n<p><span style=\"text-decoration: underline\" class=\"underline\">Heizung:<\/span><br>4 Plattenheizk\u00f6rper unterhalb der Fenster<\/p>\n\n\n\n<p><span style=\"text-decoration: underline\" class=\"underline\">Ausstattung:<\/span><br>10 Tische mit stabilem Klappgestell (BxTxH: 1,50&#215;0,75&#215;0,74 m)<br>32 moderne Stapelst\u00fchle mit Armlehnen (ungepolstert)<br>12 moderne Stapelst\u00fchle ohne Armlehnen (gepolstert)<br>1 hoher Referententisch auf Rollen (BxTxH: 2,00&#215;0,90&#215;0,93 m)<br>1 Beamer (Deckenbefestigung)<br>1 Overheadprojektor<br>1 Leinwand (2&#215;2 m)<br>1 Audioanlage<br>1 TV\/DVD-Player<br>1 Flipchart<br>1 Whiteboard<br>2 Pinnw\u00e4nde<\/p>\n\n\n\n<p><span style=\"text-decoration: underline\" class=\"underline\">Sanit\u00e4ranlage:<\/span><br>2 WC-R\u00e4ume im EG<\/p>\n\n\n\n<p><span class=\"underline\" style=\"text-decoration: underline\">Anschl\u00fcsse:<\/span><br>&#8211; Schuko-Steckdosen an den L\u00e4ngs- u. Stirnseiten<br>&#8211; LAN-Steckdosen<br>&#8211; WLAN verf\u00fcgbar<\/p>\n\n\n\n<p><span style=\"text-decoration: underline\" class=\"underline\">Verpflegung:<\/span><br>&#8211; Teek\u00fcche im EG kann mitgenutzt werden.<br>&#8211; Catering m\u00f6glich<br>&#8211; Restaurant in unmittelbarer Nachbarschaft<\/p>\n\n\n\n<p><span style=\"text-decoration: underline\" class=\"underline\">Parkpl\u00e4tze:<\/span><br>&#8211; ca. 20 Pkw-Parkpl\u00e4tze auf dem Betriebsgel\u00e4nde<br>&#8211; weitere Parkpl\u00e4tze auf der angrenzenden Stra\u00dfe<\/p>\n\n\n\n<p><span class=\"underline\" style=\"text-decoration: underline\">Geeignet f\u00fcr:<\/span><br>&#8211; Seminare<br>&#8211; Tagungen<br>&#8211; Schulungen<br>&#8211; Konferenzen<br>&#8211; Pr\u00e4sentationen<br>&#8211; Besprechungen<br>&#8211; Vereinssitzungen<br>aber auch als Trainingsraum f\u00fcr:<br>&#8211; Entspannungs\u00fcbungen (z.B. Yoga, Autogenes Training)<br>&#8211; Sportarten mit begrenztem Platzbedarf<br>\u00a0(z.B. Tanztraining &#8211; Latein, Salsa, Bachata, Kizomba, West Coast Swing, Discofox, Tango Argentino)<\/p>\n\n\n\n<div class=\"wp-block-columns is-layout-flex wp-container-core-columns-is-layout-7 wp-block-columns-is-layout-flex\">\n<div class=\"wp-block-column is-layout-flow wp-block-column-is-layout-flow\">\n<figure class=\"wp-block-image\"><img decoding=\"async\" src=\"https:\/\/gerdes24.de\/CIMG0083k.jpg\" alt=\"https:\/\/gerdes24.de\/CIMG0083k.jpg\"\/><\/figure>\n<\/div>\n\n\n\n<div class=\"wp-block-column is-layout-flow wp-block-column-is-layout-flow\">\n<figure class=\"wp-block-image\"><img decoding=\"async\" src=\"https:\/\/gerdes24.de\/CIMG0084k.jpg\" alt=\"https:\/\/gerdes24.de\/CIMG0084k.jpg\"\/><\/figure>\n<\/div>\n\n\n\n<div class=\"wp-block-column is-layout-flow wp-block-column-is-layout-flow\"><\/div>\n<\/div>\n\n\n\n<p><span style=\"text-decoration: underline\" class=\"underline\">Entfernungen:<\/span><br>&#8211; Autobahn A29: 1 km<br>&#8211; Innenstadt: 4 km<br>&#8211; Bahnhof: 5 km<\/p>\n","protected":false},"excerpt":{"rendered":"<p>Seminarraum in Varel zu vermieten! In unserem ger\u00e4umigen B\u00fcrogeb\u00e4ude (Baujahr 2002) befindet sich ein Seminarraum, den wir &#8211; sofern wir ihn nicht f\u00fcr unsere eigenen Veranstaltungen ben\u00f6tigen &#8211; gerne stunden- und tageweise auch an Sie vermieten.Die Preise erfragen Sie bitte telefonisch (0171\/9232600). Gr\u00f6\u00dfe:ca. 58 qm (5,50 x 10,50 m), Deckenh\u00f6he ca. 2,63 mgeeignet f\u00fcr Veranstaltungen [&hellip;]<\/p>\n","protected":false},"author":1,"featured_media":0,"parent":0,"menu_order":0,"comment_status":"closed","ping_status":"closed","template":"","meta":{"footnotes":""},"class_list":["post-130","page","type-page","status-publish","hentry"],"yoast_head":"<!-- This site is optimized with the Yoast SEO plugin v26.8 - https:\/\/yoast.com\/product\/yoast-seo-wordpress\/ -->\n<title>Vermietung - GT\u00dc Kfz-Pr\u00fcfstelle, Ing.-B\u00fcro Reelf Gerdes<\/title>\n<meta name=\"description\" content=\"Hauptuntersuchungen (HU) mit integrierter Abgasuntersuchung (UMA) gem. \u00a7 29 StVZO, Anbaupr\u00fcfungen\/\u00c4nderungsabnahmen gem. \u00a7 19(3) StVZO, Gaspr\u00fcfungen (GWP), Oldtimer-Gutachten gem. \u00a7 23 StVZO (H-Kennzeichen), BOKraft-Pr\u00fcfungen f\u00fcr Taxen, Feinstaubplaketten (Schadstoffplaketten); Varel, Bockhorn, Zetel, Friesland\" \/>\n<meta name=\"robots\" content=\"index, follow, max-snippet:-1, max-image-preview:large, max-video-preview:-1\" \/>\n<link rel=\"canonical\" href=\"https:\/\/xn--prfstelle-varel-0vb.de\/?page_id=130\" \/>\n<meta property=\"og:locale\" content=\"de_DE\" \/>\n<meta property=\"og:type\" content=\"article\" \/>\n<meta property=\"og:title\" content=\"Vermietung - GT\u00dc Kfz-Pr\u00fcfstelle, Ing.-B\u00fcro Reelf Gerdes\" \/>\n<meta property=\"og:description\" content=\"Hauptuntersuchungen (HU) mit integrierter Abgasuntersuchung (UMA) gem. \u00a7 29 StVZO, Anbaupr\u00fcfungen\/\u00c4nderungsabnahmen gem. \u00a7 19(3) StVZO, Gaspr\u00fcfungen (GWP), Oldtimer-Gutachten gem. \u00a7 23 StVZO (H-Kennzeichen), BOKraft-Pr\u00fcfungen f\u00fcr Taxen, Feinstaubplaketten (Schadstoffplaketten); Varel, Bockhorn, Zetel, Friesland\" \/>\n<meta property=\"og:url\" content=\"https:\/\/xn--prfstelle-varel-0vb.de\/?page_id=130\" \/>\n<meta property=\"og:site_name\" content=\"GT\u00dc Kfz-Pr\u00fcfstelle, Ing.-B\u00fcro Reelf Gerdes\" \/>\n<meta property=\"article:modified_time\" content=\"2024-12-23T14:34:52+00:00\" \/>\n<meta property=\"og:image\" content=\"https:\/\/gerdes24.de\/assets\/images\/CIMG0021kl.jpg\" \/>\n<meta name=\"twitter:card\" content=\"summary_large_image\" \/>\n<meta name=\"twitter:label1\" content=\"Gesch\u00e4tzte Lesezeit\" \/>\n\t<meta name=\"twitter:data1\" content=\"4\u00a0Minuten\" \/>\n<script type=\"application\/ld+json\" class=\"yoast-schema-graph\">{\"@context\":\"https:\/\/schema.org\",\"@graph\":[{\"@type\":\"WebPage\",\"@id\":\"https:\/\/xn--prfstelle-varel-0vb.de\/?page_id=130\",\"url\":\"https:\/\/xn--prfstelle-varel-0vb.de\/?page_id=130\",\"name\":\"Vermietung - GT\u00dc Kfz-Pr\u00fcfstelle, Ing.-B\u00fcro Reelf Gerdes\",\"isPartOf\":{\"@id\":\"https:\/\/xn--prfstelle-varel-0vb.de\/#website\"},\"primaryImageOfPage\":{\"@id\":\"https:\/\/xn--prfstelle-varel-0vb.de\/?page_id=130#primaryimage\"},\"image\":{\"@id\":\"https:\/\/xn--prfstelle-varel-0vb.de\/?page_id=130#primaryimage\"},\"thumbnailUrl\":\"https:\/\/gerdes24.de\/assets\/images\/CIMG0021kl.jpg\",\"datePublished\":\"2021-04-05T13:51:00+00:00\",\"dateModified\":\"2024-12-23T14:34:52+00:00\",\"description\":\"Hauptuntersuchungen (HU) mit integrierter Abgasuntersuchung (UMA) gem. \u00a7 29 StVZO, Anbaupr\u00fcfungen\/\u00c4nderungsabnahmen gem. \u00a7 19(3) StVZO, Gaspr\u00fcfungen (GWP), Oldtimer-Gutachten gem. \u00a7 23 StVZO (H-Kennzeichen), BOKraft-Pr\u00fcfungen f\u00fcr Taxen, Feinstaubplaketten (Schadstoffplaketten); Varel, Bockhorn, Zetel, Friesland\",\"breadcrumb\":{\"@id\":\"https:\/\/xn--prfstelle-varel-0vb.de\/?page_id=130#breadcrumb\"},\"inLanguage\":\"de\",\"potentialAction\":[{\"@type\":\"ReadAction\",\"target\":[\"https:\/\/xn--prfstelle-varel-0vb.de\/?page_id=130\"]}]},{\"@type\":\"ImageObject\",\"inLanguage\":\"de\",\"@id\":\"https:\/\/xn--prfstelle-varel-0vb.de\/?page_id=130#primaryimage\",\"url\":\"https:\/\/gerdes24.de\/assets\/images\/CIMG0021kl.jpg\",\"contentUrl\":\"https:\/\/gerdes24.de\/assets\/images\/CIMG0021kl.jpg\"},{\"@type\":\"BreadcrumbList\",\"@id\":\"https:\/\/xn--prfstelle-varel-0vb.de\/?page_id=130#breadcrumb\",\"itemListElement\":[{\"@type\":\"ListItem\",\"position\":1,\"name\":\"Startseite\",\"item\":\"https:\/\/xn--prfstelle-varel-0vb.de\/\"},{\"@type\":\"ListItem\",\"position\":2,\"name\":\"Vermietung\"}]},{\"@type\":\"WebSite\",\"@id\":\"https:\/\/xn--prfstelle-varel-0vb.de\/#website\",\"url\":\"https:\/\/xn--prfstelle-varel-0vb.de\/\",\"name\":\"GT\u00dc Kfz-Pr\u00fcfstelle, Ing.-B\u00fcro Reelf Gerdes\",\"description\":\"EINFACH und SICHER zur neuen Plakette!\",\"publisher\":{\"@id\":\"https:\/\/xn--prfstelle-varel-0vb.de\/#organization\"},\"potentialAction\":[{\"@type\":\"SearchAction\",\"target\":{\"@type\":\"EntryPoint\",\"urlTemplate\":\"https:\/\/xn--prfstelle-varel-0vb.de\/?s={search_term_string}\"},\"query-input\":{\"@type\":\"PropertyValueSpecification\",\"valueRequired\":true,\"valueName\":\"search_term_string\"}}],\"inLanguage\":\"de\"},{\"@type\":\"Organization\",\"@id\":\"https:\/\/xn--prfstelle-varel-0vb.de\/#organization\",\"name\":\"GT\u00dc Kfz-Pr\u00fcfstelle\",\"url\":\"https:\/\/xn--prfstelle-varel-0vb.de\/\",\"logo\":{\"@type\":\"ImageObject\",\"inLanguage\":\"de\",\"@id\":\"https:\/\/xn--prfstelle-varel-0vb.de\/#\/schema\/logo\/image\/\",\"url\":\"https:\/\/xn--prfstelle-varel-0vb.de\/wp-content\/uploads\/2021\/04\/cropped-cropped-cropped-IMG_20160307_150246-scaled-2-1-e1617613682540.jpg\",\"contentUrl\":\"https:\/\/xn--prfstelle-varel-0vb.de\/wp-content\/uploads\/2021\/04\/cropped-cropped-cropped-IMG_20160307_150246-scaled-2-1-e1617613682540.jpg\",\"width\":1500,\"height\":595,\"caption\":\"GT\u00dc Kfz-Pr\u00fcfstelle\"},\"image\":{\"@id\":\"https:\/\/xn--prfstelle-varel-0vb.de\/#\/schema\/logo\/image\/\"}}]}<\/script>\n<!-- \/ Yoast SEO plugin. -->","yoast_head_json":{"title":"Vermietung - GT\u00dc Kfz-Pr\u00fcfstelle, Ing.-B\u00fcro Reelf Gerdes","description":"Hauptuntersuchungen (HU) mit integrierter Abgasuntersuchung (UMA) gem. \u00a7 29 StVZO, Anbaupr\u00fcfungen\/\u00c4nderungsabnahmen gem. \u00a7 19(3) StVZO, Gaspr\u00fcfungen (GWP), Oldtimer-Gutachten gem. \u00a7 23 StVZO (H-Kennzeichen), BOKraft-Pr\u00fcfungen f\u00fcr Taxen, Feinstaubplaketten (Schadstoffplaketten); Varel, Bockhorn, Zetel, Friesland","robots":{"index":"index","follow":"follow","max-snippet":"max-snippet:-1","max-image-preview":"max-image-preview:large","max-video-preview":"max-video-preview:-1"},"canonical":"https:\/\/xn--prfstelle-varel-0vb.de\/?page_id=130","og_locale":"de_DE","og_type":"article","og_title":"Vermietung - GT\u00dc Kfz-Pr\u00fcfstelle, Ing.-B\u00fcro Reelf Gerdes","og_description":"Hauptuntersuchungen (HU) mit integrierter Abgasuntersuchung (UMA) gem. \u00a7 29 StVZO, Anbaupr\u00fcfungen\/\u00c4nderungsabnahmen gem. \u00a7 19(3) StVZO, Gaspr\u00fcfungen (GWP), Oldtimer-Gutachten gem. \u00a7 23 StVZO (H-Kennzeichen), BOKraft-Pr\u00fcfungen f\u00fcr Taxen, Feinstaubplaketten (Schadstoffplaketten); Varel, Bockhorn, Zetel, Friesland","og_url":"https:\/\/xn--prfstelle-varel-0vb.de\/?page_id=130","og_site_name":"GT\u00dc Kfz-Pr\u00fcfstelle, Ing.-B\u00fcro Reelf Gerdes","article_modified_time":"2024-12-23T14:34:52+00:00","og_image":[{"url":"https:\/\/gerdes24.de\/assets\/images\/CIMG0021kl.jpg","type":"","width":"","height":""}],"twitter_card":"summary_large_image","twitter_misc":{"Gesch\u00e4tzte Lesezeit":"4\u00a0Minuten"},"schema":{"@context":"https:\/\/schema.org","@graph":[{"@type":"WebPage","@id":"https:\/\/xn--prfstelle-varel-0vb.de\/?page_id=130","url":"https:\/\/xn--prfstelle-varel-0vb.de\/?page_id=130","name":"Vermietung - GT\u00dc Kfz-Pr\u00fcfstelle, Ing.-B\u00fcro Reelf Gerdes","isPartOf":{"@id":"https:\/\/xn--prfstelle-varel-0vb.de\/#website"},"primaryImageOfPage":{"@id":"https:\/\/xn--prfstelle-varel-0vb.de\/?page_id=130#primaryimage"},"image":{"@id":"https:\/\/xn--prfstelle-varel-0vb.de\/?page_id=130#primaryimage"},"thumbnailUrl":"https:\/\/gerdes24.de\/assets\/images\/CIMG0021kl.jpg","datePublished":"2021-04-05T13:51:00+00:00","dateModified":"2024-12-23T14:34:52+00:00","description":"Hauptuntersuchungen (HU) mit integrierter Abgasuntersuchung (UMA) gem. \u00a7 29 StVZO, Anbaupr\u00fcfungen\/\u00c4nderungsabnahmen gem. \u00a7 19(3) StVZO, Gaspr\u00fcfungen (GWP), Oldtimer-Gutachten gem. \u00a7 23 StVZO (H-Kennzeichen), BOKraft-Pr\u00fcfungen f\u00fcr Taxen, Feinstaubplaketten (Schadstoffplaketten); Varel, Bockhorn, Zetel, Friesland","breadcrumb":{"@id":"https:\/\/xn--prfstelle-varel-0vb.de\/?page_id=130#breadcrumb"},"inLanguage":"de","potentialAction":[{"@type":"ReadAction","target":["https:\/\/xn--prfstelle-varel-0vb.de\/?page_id=130"]}]},{"@type":"ImageObject","inLanguage":"de","@id":"https:\/\/xn--prfstelle-varel-0vb.de\/?page_id=130#primaryimage","url":"https:\/\/gerdes24.de\/assets\/images\/CIMG0021kl.jpg","contentUrl":"https:\/\/gerdes24.de\/assets\/images\/CIMG0021kl.jpg"},{"@type":"BreadcrumbList","@id":"https:\/\/xn--prfstelle-varel-0vb.de\/?page_id=130#breadcrumb","itemListElement":[{"@type":"ListItem","position":1,"name":"Startseite","item":"https:\/\/xn--prfstelle-varel-0vb.de\/"},{"@type":"ListItem","position":2,"name":"Vermietung"}]},{"@type":"WebSite","@id":"https:\/\/xn--prfstelle-varel-0vb.de\/#website","url":"https:\/\/xn--prfstelle-varel-0vb.de\/","name":"GT\u00dc Kfz-Pr\u00fcfstelle, Ing.-B\u00fcro Reelf Gerdes","description":"EINFACH und SICHER zur neuen Plakette!","publisher":{"@id":"https:\/\/xn--prfstelle-varel-0vb.de\/#organization"},"potentialAction":[{"@type":"SearchAction","target":{"@type":"EntryPoint","urlTemplate":"https:\/\/xn--prfstelle-varel-0vb.de\/?s={search_term_string}"},"query-input":{"@type":"PropertyValueSpecification","valueRequired":true,"valueName":"search_term_string"}}],"inLanguage":"de"},{"@type":"Organization","@id":"https:\/\/xn--prfstelle-varel-0vb.de\/#organization","name":"GT\u00dc Kfz-Pr\u00fcfstelle","url":"https:\/\/xn--prfstelle-varel-0vb.de\/","logo":{"@type":"ImageObject","inLanguage":"de","@id":"https:\/\/xn--prfstelle-varel-0vb.de\/#\/schema\/logo\/image\/","url":"https:\/\/xn--prfstelle-varel-0vb.de\/wp-content\/uploads\/2021\/04\/cropped-cropped-cropped-IMG_20160307_150246-scaled-2-1-e1617613682540.jpg","contentUrl":"https:\/\/xn--prfstelle-varel-0vb.de\/wp-content\/uploads\/2021\/04\/cropped-cropped-cropped-IMG_20160307_150246-scaled-2-1-e1617613682540.jpg","width":1500,"height":595,"caption":"GT\u00dc Kfz-Pr\u00fcfstelle"},"image":{"@id":"https:\/\/xn--prfstelle-varel-0vb.de\/#\/schema\/logo\/image\/"}}]}},"_links":{"self":[{"href":"https:\/\/xn--prfstelle-varel-0vb.de\/index.php?rest_route=\/wp\/v2\/pages\/130","targetHints":{"allow":["GET"]}}],"collection":[{"href":"https:\/\/xn--prfstelle-varel-0vb.de\/index.php?rest_route=\/wp\/v2\/pages"}],"about":[{"href":"https:\/\/xn--prfstelle-varel-0vb.de\/index.php?rest_route=\/wp\/v2\/types\/page"}],"author":[{"embeddable":true,"href":"https:\/\/xn--prfstelle-varel-0vb.de\/index.php?rest_route=\/wp\/v2\/users\/1"}],"replies":[{"embeddable":true,"href":"https:\/\/xn--prfstelle-varel-0vb.de\/index.php?rest_route=%2Fwp%2Fv2%2Fcomments&post=130"}],"version-history":[{"count":9,"href":"https:\/\/xn--prfstelle-varel-0vb.de\/index.php?rest_route=\/wp\/v2\/pages\/130\/revisions"}],"predecessor-version":[{"id":307,"href":"https:\/\/xn--prfstelle-varel-0vb.de\/index.php?rest_route=\/wp\/v2\/pages\/130\/revisions\/307"}],"wp:attachment":[{"href":"https:\/\/xn--prfstelle-varel-0vb.de\/index.php?rest_route=%2Fwp%2Fv2%2Fmedia&parent=130"}],"curies":[{"name":"wp","href":"https:\/\/api.w.org\/{rel}","templated":true}]}}